{"id":269,"date":"2020-11-30T07:47:10","date_gmt":"2020-11-30T06:47:10","guid":{"rendered":"http:\/\/www.ceisreggio.it\/?page_id=269"},"modified":"2021-01-26T05:58:58","modified_gmt":"2021-01-26T04:58:58","slug":"diventa-un-volontario","status":"publish","type":"page","link":"https:\/\/www.solidarieta.re.it\/index.php\/diventa-un-volontario\/","title":{"rendered":"Diventa un volontario"},"content":{"rendered":"\n<p>Chi desidera informarsi sulle attivit\u00e0 del Centro, anche per un eventuale impegno di volontariato, pu\u00f2 venire direttamente al <strong><em>Primo Incontro<\/em><\/strong>, oppure pu\u00f2 rivolgersi alle Case di Accoglienza e ai responsabili di zona dell&#8217;<strong>Associazione &#8220;Servire l&#8217;Uomo&#8221;<\/strong>, o direttamente alla sede centrale dell&#8217;Associazione nella persona di <strong>Eliseo Bertani<\/strong>, a Reggio Emilia, in via Codro 1\/1, tel. <strong>0522 451800<\/strong><\/p>\n","protected":false},"excerpt":{"rendered":"<p>Chi desidera informarsi sulle attivit\u00e0 del Centro, anche per un eventuale impegno di volontariato, pu\u00f2 venire direttamente al Primo Incontro, oppure pu\u00f2 rivolgersi alle Case di Accoglienza e ai responsabili di zona dell&#8217;Associazione &#8220;Servire l&#8217;Uomo&#8221;, o direttamente alla sede centrale dell&#8217;Associazione nella persona di Eliseo Bertani, a Reggio Emilia, in via Codro 1\/1, tel. 0522 [&hellip;]<\/p>\n","protected":false},"author":2,"featured_media":0,"parent":0,"menu_order":0,"comment_status":"closed","ping_status":"closed","template":"","meta":[],"_links":{"self":[{"href":"https:\/\/www.solidarieta.re.it\/index.php\/wp-json\/wp\/v2\/pages\/269"}],"collection":[{"href":"https:\/\/www.solidarieta.re.it\/index.php\/wp-json\/wp\/v2\/pages"}],"about":[{"href":"https:\/\/www.solidarieta.re.it\/index.php\/wp-json\/wp\/v2\/types\/page"}],"author":[{"embeddable":true,"href":"https:\/\/www.solidarieta.re.it\/index.php\/wp-json\/wp\/v2\/users\/2"}],"replies":[{"embeddable":true,"href":"https:\/\/www.solidarieta.re.it\/index.php\/wp-json\/wp\/v2\/comments?post=269"}],"version-history":[{"count":5,"href":"https:\/\/www.solidarieta.re.it\/index.php\/wp-json\/wp\/v2\/pages\/269\/revisions"}],"predecessor-version":[{"id":1968,"href":"https:\/\/www.solidarieta.re.it\/index.php\/wp-json\/wp\/v2\/pages\/269\/revisions\/1968"}],"wp:attachment":[{"href":"https:\/\/www.solidarieta.re.it\/index.php\/wp-json\/wp\/v2\/media?parent=269"}],"curies":[{"name":"wp","href":"https:\/\/api.w.org\/{rel}","templated":true}]}}

<p>Chi desidera informarsi sulle attività del Centro, anche per un eventuale impegno di volontariato, può venire direttamente al <strong><em>Primo Incontro</em></strong>, oppure può rivolgersi alle Case di Accoglienza e ai responsabili di zona dell&#8217;<strong>Associazione &#8220;Servire l&#8217;Uomo&#8221;</strong>, o direttamente alla sede centrale dell&#8217;Associazione nella persona di <strong>Eliseo Bertani</strong>, a Reggio Emilia, in via Codro 1/1, tel. <strong>0522 451800</strong></p>

<p>Chi desidera informarsi sulle attività del Centro, anche per un eventuale impegno di volontariato, può venire direttamente al Primo Incontro, oppure può rivolgersi alle Case di Accoglienza e ai responsabili di zona dell&#8217;Associazione &#8220;Servire l&#8217;Uomo&#8221;, o direttamente alla sede centrale dell&#8217;Associazione nella persona di Eliseo Bertani, a Reggio Emilia, in via Codro 1/1, tel. 0522 [&hellip;]</p>
