{"id":248,"date":"2020-11-30T07:40:54","date_gmt":"2020-11-30T06:40:54","guid":{"rendered":"http:\/\/www.ceisreggio.it\/?page_id=248"},"modified":"2025-07-11T14:12:06","modified_gmt":"2025-07-11T12:12:06","slug":"sociale","status":"publish","type":"page","link":"https:\/\/www.solidarieta.re.it\/index.php\/sociale\/","title":{"rendered":"Area Sociale"},"content":{"rendered":"\n<p><strong>SCUOLA DI ITALIANO ABIC\u00ec<\/strong><\/p>\n\n\n\n<p>Scuola di italiano per migranti, di grande importanza, sia per l&#8217;avviamento al lavoro, nonch\u00e9 per un percorso di inserimento e integrazione. <br>Il percorso \u00e8 strutturato secondo un metodo abbastanza originale, per moduli molto brevi. <br>La scuola pu\u00f2 contare sia su un gruppo di professionisti che di un gruppo di volontari. <br>La sede ha trovato una sua naturale collocazione all&#8217;interno della sede &#8220;Casa Aperta&#8221;.<\/p>\n\n\n\n<p><strong>PROGETTI DI TERRITORIO<\/strong><\/p>\n\n\n\n<p>Dal 2012 il Centro si occupa di lavoro di territorio, per promuovere interventi che riconoscano il ruolo della comunit\u00e0 nel prendersi cura dei propri membri fragili. Nel lavoro di comunit\u00e0 che il Centro promuove, gli operatori si relazionano con persone che condividono interessi e preoccupazioni comuni e le aiuta ad incontrarsi e realizzare iniziative che migliorino la condizione di vita della comunit\u00e0 di appartenenza. \u00a0Il primo progetto \u00e8 iniziato nel quartiere Giardino, nella zona Sud della citt\u00e0 di Reggio. Negli anni\u00a0gli operatori hanno supportato l\u2019avvio di progetti di territorio anche in Val d\u2019Enza, nel quartiere Magenta e a Cadelbosco Sotto, grazie a finanziamenti della Fondazione Manodori. Oggi \u00e8 attivo un progetto in zona stazione, finanziato dal Comune di Reggio Emilia e realizzato insieme alla <em>Rete Impossibile<\/em> di cui fanno parte altre cooperative, associazioni e cittadini residenti nel quartiere. Tra le attivit\u00e0 realizzate si segnalano: recupero e distribuzione di alimenti freschi da supermercati della citt\u00e0; doposcuola; attivit\u00e0 di animazione e laboratori per bambini e ragazzi; attivit\u00e0 di manutenzione e cura del quartiere.<\/p>\n\n\n\n<p><strong>TIROCINI LAVORATIVI &#8211;<\/strong> <strong>Area Formazione e Avviamento al Lavoro<\/strong><\/p>\n\n\n\n<p>Il Centro promuove tirocini di inserimento\/ reinserimento lavorativo nell&#8217;ambito delle normative regionali solo per gli Ospiti delle proprie comunit\u00e0 e beneficiari dei vari progetti in corso\u00a0 .<br>Il Centro si occupa della ricerca delle aziende, predispone tutta la documentazione e procede all&#8217;ottenimento delle autorizzazioni necessarie come previsto dalla normativa, si occupa del tutoraggio del tirocinante, attraverso incontri periodici durante tutto il periodo di tirocinio, e offre un supporto anche per il primo periodo oltre il termine del tirocinio stesso sia all&#8217;azienda ospitante che al tirocinante .<\/p>\n\n\n\n<p><\/p>\n\n\n\n<p>Possono essere richieste informazioni al centralino di via Codro 1\/1 telefono <strong>0522451800<\/strong><\/p>\n","protected":false},"excerpt":{"rendered":"<p>SCUOLA DI ITALIANO ABIC\u00ec Scuola di italiano per migranti, di grande importanza, sia per l&#8217;avviamento al lavoro, nonch\u00e9 per un percorso di inserimento e integrazione. Il percorso \u00e8 strutturato secondo un metodo abbastanza originale, per moduli molto brevi. La scuola pu\u00f2 contare sia su un gruppo di professionisti che di un gruppo di volontari. La [&hellip;]<\/p>\n","protected":false},"author":3,"featured_media":0,"parent":0,"menu_order":0,"comment_status":"closed","ping_status":"closed","template":"","meta":[],"_links":{"self":[{"href":"https:\/\/www.solidarieta.re.it\/index.php\/wp-json\/wp\/v2\/pages\/248"}],"collection":[{"href":"https:\/\/www.solidarieta.re.it\/index.php\/wp-json\/wp\/v2\/pages"}],"about":[{"href":"https:\/\/www.solidarieta.re.it\/index.php\/wp-json\/wp\/v2\/types\/page"}],"author":[{"embeddable":true,"href":"https:\/\/www.solidarieta.re.it\/index.php\/wp-json\/wp\/v2\/users\/3"}],"replies":[{"embeddable":true,"href":"https:\/\/www.solidarieta.re.it\/index.php\/wp-json\/wp\/v2\/comments?post=248"}],"version-history":[{"count":17,"href":"https:\/\/www.solidarieta.re.it\/index.php\/wp-json\/wp\/v2\/pages\/248\/revisions"}],"predecessor-version":[{"id":3593,"href":"https:\/\/www.solidarieta.re.it\/index.php\/wp-json\/wp\/v2\/pages\/248\/revisions\/3593"}],"wp:attachment":[{"href":"https:\/\/www.solidarieta.re.it\/index.php\/wp-json\/wp\/v2\/media?parent=248"}],"curies":[{"name":"wp","href":"https:\/\/api.w.org\/{rel}","templated":true}]}}

<p><strong>SCUOLA DI ITALIANO ABICì</strong></p>



<p>Scuola di italiano per migranti, di grande importanza, sia per l&#8217;avviamento al lavoro, nonché per un percorso di inserimento e integrazione. <br>Il percorso è strutturato secondo un metodo abbastanza originale, per moduli molto brevi. <br>La scuola può contare sia su un gruppo di professionisti che di un gruppo di volontari. <br>La sede ha trovato una sua naturale collocazione all&#8217;interno della sede &#8220;Casa Aperta&#8221;.</p>



<p><strong>PROGETTI DI TERRITORIO</strong></p>



<p>Dal 2012 il Centro si occupa di lavoro di territorio, per promuovere interventi che riconoscano il ruolo della comunità nel prendersi cura dei propri membri fragili. Nel lavoro di comunità che il Centro promuove, gli operatori si relazionano con persone che condividono interessi e preoccupazioni comuni e le aiuta ad incontrarsi e realizzare iniziative che migliorino la condizione di vita della comunità di appartenenza.  Il primo progetto è iniziato nel quartiere Giardino, nella zona Sud della città di Reggio. Negli anni gli operatori hanno supportato l’avvio di progetti di territorio anche in Val d’Enza, nel quartiere Magenta e a Cadelbosco Sotto, grazie a finanziamenti della Fondazione Manodori. Oggi è attivo un progetto in zona stazione, finanziato dal Comune di Reggio Emilia e realizzato insieme alla <em>Rete Impossibile</em> di cui fanno parte altre cooperative, associazioni e cittadini residenti nel quartiere. Tra le attività realizzate si segnalano: recupero e distribuzione di alimenti freschi da supermercati della città; doposcuola; attività di animazione e laboratori per bambini e ragazzi; attività di manutenzione e cura del quartiere.</p>



<p><strong>TIROCINI LAVORATIVI &#8211;</strong> <strong>Area Formazione e Avviamento al Lavoro</strong></p>



<p>Il Centro promuove tirocini di inserimento/ reinserimento lavorativo nell&#8217;ambito delle normative regionali solo per gli Ospiti delle proprie comunità e beneficiari dei vari progetti in corso  .<br>Il Centro si occupa della ricerca delle aziende, predispone tutta la documentazione e procede all&#8217;ottenimento delle autorizzazioni necessarie come previsto dalla normativa, si occupa del tutoraggio del tirocinante, attraverso incontri periodici durante tutto il periodo di tirocinio, e offre un supporto anche per il primo periodo oltre il termine del tirocinio stesso sia all&#8217;azienda ospitante che al tirocinante .</p>



<p></p>



<p>Possono essere richieste informazioni al centralino di via Codro 1/1 telefono <strong>0522451800</strong></p>

<p>SCUOLA DI ITALIANO ABICì Scuola di italiano per migranti, di grande importanza, sia per l&#8217;avviamento al lavoro, nonché per un percorso di inserimento e integrazione. Il percorso è strutturato secondo un metodo abbastanza originale, per moduli molto brevi. La scuola può contare sia su un gruppo di professionisti che di un gruppo di volontari. La [&hellip;]</p>
