{"id":231,"date":"2020-11-30T07:34:13","date_gmt":"2020-11-30T06:34:13","guid":{"rendered":"http:\/\/www.ceisreggio.it\/?page_id=231"},"modified":"2025-07-11T14:19:08","modified_gmt":"2025-07-11T12:19:08","slug":"galassia-ceis","status":"publish","type":"page","link":"https:\/\/www.solidarieta.re.it\/index.php\/galassia-ceis\/","title":{"rendered":"Galassia Centro di Solidariet\u00e0 di Reggio Emilia"},"content":{"rendered":"\n<p>FONDAZIONE \u201cSOLIDARIETA\u2019 REGGIANA\u201d<\/p>\n\n\n\n<p>La Fondazione, fortemente voluta dal Ceis e dal suo Presidente Don Giuseppe Dossetti, si \u00e8 costituita il 4 marzo 2004.<\/p>\n\n\n\n<p>Estranea a qualsiasi finalit\u00e0 lucrativa, gestisce il patrimonio e le proprie strutture in modo da rafforzare le risorse destinabili al conseguimento degli scopi statutari.<br>Oltre a sostenere la qualificazione permanente del Ceis e delle sue iniziative attraverso attivazioni di fundraising, persegue esclusivamente finalit\u00e0 di solidariet\u00e0 umana e sociale.<\/p>\n\n\n\n<p>La Fondazione si propone di promuovere una cultura di Comunit\u00e0 all\u2019interno della societ\u00e0 reggiana attraverso attivit\u00e0 di beneficenza, promozione, organizzazione di occasionali manifestazioni per raccogliere, in qualunque forma, fondi da destinare alle finalit\u00e0 istituzionali.<\/p>\n\n\n\n<hr class=\"wp-block-separator\"\/>\n\n\n\n<p>ASSOCIAZIONE DI VOLONTARIATO \u201cSERVIRE L\u2019UOMO\u201d<\/p>\n\n\n\n<p>Il volontariato del Ceis si riconosce nell\u2019associazione<strong> Servire l&#8217;uomo<\/strong> costituitasi nel giugno del 1987 e iscritta dal 1992 al registro regionale del volontariato.<br>L\u2019associazione ha per scopo la promozione, la solidariet\u00e0 e l\u2019assistenza sociale.<br>L\u2019attivit\u00e0 \u00e8 volta a prestare fattivo apporto e collaborazione a favore del Centro di Solidariet\u00e0, in particolare riguardo ai tossicodipendenti e alle forme di disagio giovanile.<\/p>\n\n\n\n<p>Attivit\u00e0:<\/p>\n\n\n\n<ul><li>Aiuto e sostegno nella gestione delle strutture e dei percorsi per le dipendenze.<\/li><li>Aiuto e sostegno nella gestione delle strutture e dei percorsi per i minori in difficolt\u00e0.<\/li><li>Aiuto e sostegno nella gestione delle strutture e dei percorsi per stranieri e migranti.<\/li><li>Promozione d\u2019attivit\u00e0 di auto mutuo aiuto per famiglie in difficolt\u00e0 economica, sociale, relazionale e di dipendenza.<\/li><li>Aiuto e sostegno nella gestione delle strutture e dei percorsi di donne svantaggiate con o senza figli.<\/li><li>&nbsp;Sostegno alle attivit\u00e0 socio educative di parrocchie, associazioni, centri d\u2019ascolto territoriali, quartieri e in generale alle esigenze del territorio provinciale.<\/li><li>Organizzazione di eventi di solidariet\u00e0 per raccolta fondi: cene, feste, spettacoli, bancarelle ecc.<\/li><li>Collaborazione con altre associazioni di volontariato, associazioni di promozione sociale e Onlus in generale per il raggiungimento degli scopi sopra descritti con particolare attenzione al <em><u>Centro di Solidariet\u00e0 di Reggio Emilia Onlus.<\/u><\/em><\/li><\/ul>\n\n\n\n<p>Tutti possono essere volontari nel nostro Centro, al di l\u00e0 di ogni convinzione ideologica, condizione sociale, di sesso o appartenenza religiosa.<\/p>\n\n\n\n<hr class=\"wp-block-separator\"\/>\n\n\n\n<p>ASSOCIAZIONE &#8220;AMICI DEL CEIS&#8221;<\/p>\n\n\n\n<p><strong><a rel=\"noreferrer noopener\" href=\"http:\/\/www.drogaonline.it\/amici-del-ceis\/\" target=\"_blank\">Gli amici del Ceis<\/a><\/strong>&nbsp;sono un\u2019associazione apolitica e senza fini di lucro costituita da un gruppo di cittadini di Reggio Emilia.<\/p>\n\n\n\n<p><em>&#8220;A titolo personale abbiamo aderito e costituito l\u2019Associazione&nbsp;<strong>\u201cAmici del Centro di Solidariet\u00e0 di Reggio Emilia\u201d<\/strong>&nbsp;perch\u00e8 sentiamo il bisogno di&nbsp;rimboccarci insieme le maniche&nbsp;per una buona causa.<br>Come cittadini e come genitori siamo preoccupati per la caduta di tensione in atto verso il consumo di droghe e l\u2019abuso di alcool al punto che questo stile di vita rischia di essere ritenuto quasi compatibile, se non funzionale, ad una vita normale.<br>Questa assunzione di responsabilit\u00e0 personale, associativa e comunitaria, ci sembra condizione per rendere efficace quella strategia di Prevenzione, Recupero e Coesione Sociale per la quale da tempo operano il Sistema Integrato dei Servizi e le Istituzioni pubbliche del nostro territorio&#8221;<\/em><\/p>\n","protected":false},"excerpt":{"rendered":"<p>FONDAZIONE \u201cSOLIDARIETA\u2019 REGGIANA\u201d La Fondazione, fortemente voluta dal Ceis e dal suo Presidente Don Giuseppe Dossetti, si \u00e8 costituita il 4 marzo 2004. Estranea a qualsiasi finalit\u00e0 lucrativa, gestisce il patrimonio e le proprie strutture in modo da rafforzare le risorse destinabili al conseguimento degli scopi statutari.Oltre a sostenere la qualificazione permanente del Ceis e [&hellip;]<\/p>\n","protected":false},"author":3,"featured_media":0,"parent":0,"menu_order":0,"comment_status":"closed","ping_status":"closed","template":"","meta":[],"_links":{"self":[{"href":"https:\/\/www.solidarieta.re.it\/index.php\/wp-json\/wp\/v2\/pages\/231"}],"collection":[{"href":"https:\/\/www.solidarieta.re.it\/index.php\/wp-json\/wp\/v2\/pages"}],"about":[{"href":"https:\/\/www.solidarieta.re.it\/index.php\/wp-json\/wp\/v2\/types\/page"}],"author":[{"embeddable":true,"href":"https:\/\/www.solidarieta.re.it\/index.php\/wp-json\/wp\/v2\/users\/3"}],"replies":[{"embeddable":true,"href":"https:\/\/www.solidarieta.re.it\/index.php\/wp-json\/wp\/v2\/comments?post=231"}],"version-history":[{"count":13,"href":"https:\/\/www.solidarieta.re.it\/index.php\/wp-json\/wp\/v2\/pages\/231\/revisions"}],"predecessor-version":[{"id":3598,"href":"https:\/\/www.solidarieta.re.it\/index.php\/wp-json\/wp\/v2\/pages\/231\/revisions\/3598"}],"wp:attachment":[{"href":"https:\/\/www.solidarieta.re.it\/index.php\/wp-json\/wp\/v2\/media?parent=231"}],"curies":[{"name":"wp","href":"https:\/\/api.w.org\/{rel}","templated":true}]}}